 digit of 1666?
6
What is the tens digit of 18133?
3
What is the thousands digit of 68061?
8
What is the hundreds digit of 33695?
6
What is the thousands digit of 8244?
8
What is the tens digit of 1893?
9
What is the tens digit of 722?
2
What is the tens digit of 446?
4
What is the thousands digit of 4044?
4
What is the units digit of 801?
1
What is the tens digit of 558?
5
What is the units digit of 812?
2
What is the ten thousands digit of 25806?
2
What is the thousands digit of 2715?
2
What is the hundreds digit of 88116?
1
What is the tens digit of 1164?
6
What is the ten thousands digit of 33371?
3
What is the tens digit of 1479?
7
What is the ten thousands digit of 50494?
5
What is the hundreds digit of 28976?
9
What is the thousands digit of 1003?
1
What is the ten thousands digit of 65809?
6
What is the tens digit of 35979?
7
What is the thousands digit of 1619?
1
What is the tens digit of 39564?
6
What is the hundreds digit of 21688?
6
What is the hundreds digit of 23468?
4
What is the hundreds digit of 856?
8
What is the thousands digit of 1837?
1
What is the units digit of 11228?
8
What is the ten thousands digit of 98330?
9
What is the tens digit of 8470?
7
What is the tens digit of 12698?
9
What is the thousands digit of 12062?
2
What is the ten thousands digit of 57857?
5
What is the hundreds digit of 2195?
1
What is the tens digit of 27419?
1
What is the units digit of 1499?
9
What is the units digit of 58486?
6
What is the hundreds digit of 3503?
5
What is the hundreds digit of 10260?
2
What is the hundreds digit of 13691?
6
What is the tens digit of 633?
3
What is the hundreds digit of 40811?
8
What is the thousands digit of 148164?
8
What is the hundreds digit of 1672?
6
What is the hundreds digit of 6670?
6
What is the units digit of 3734?
4
What is the hundreds digit of 467?
4
What is the ten thousands digit of 57477?
5
What is the units digit of 6651?
1
What is the hundreds digit of 6057?
0
What is the units digit of 2550?
0
What is the hundreds digit of 13173?
1
What is the tens digit of 7870?
7
What is the tens digit of 5855?
5
What is the thousands digit of 4038?
4
What is the thousands digit of 21264?
1
What is the thousands digit of 11560?
1
What is the tens digit of 30553?
5
What is the thousands digit of 6259?
6
What is the thousands digit of 40005?
0
What is the hundreds digit of 8188?
1
What is the units digit of 6952?
2
What is the tens digit of 46370?
7
What is the thousands digit of 62945?
2
What is the tens digit of 1912?
1
What is the tens digit of 853?
5
What is the units digit of 888?
8
What is the tens digit of 541?
4
What is the tens digit of 2937?
3
What is the units digit of 1411?
1
What is the thousands digit of 11214?
1
What is the tens digit of 1733?
3
What is the units digit of 16841?
1
What is the ten thousands digit of 11278?
1
What is the tens digit of 17519?
1
What is the hundreds digit of 66675?
6
What is the tens digit of 3318?
1
What is the thousands digit of 1219?
1
What is the units digit of 3193?
3
What is the thousands digit of 77278?
7
What is the hundreds digit of 346?
3
What is the units digit of 14166?
6
What is the thousands digit of 1717?
1
What is the hundreds digit of 3247?
2
What is the hundreds digit of 1104?
1
What is the thousands digit of 31383?
1
What is the units digit of 11550?
0
What is the units digit of 17390?
0
What is the tens digit of 826?
2
What is the tens digit of 424?
2
What is the thousands digit of 2274?
2
What is the tens digit of 130?
3
What is the hundreds digit of 5189?
1
What is the thousands digit of 16038?
6
What is the ten thousands digit of 16793?
1
What is the hundreds digit of 13359?
3
What is the hundreds digit of 145?
1
What is the thousands digit of 1281?
1
What is the units digit of 1938?
8
What is the units digit of 3?
3
What is the tens digit of 913?
1
What is the units digit of 9370?
0
What is the hundreds digit of 61504?
5
What is the thousands digit of 2877?
2
What is the units digit of 151?
1
What is the hundreds digit of 8635?
6
What is the units digit of 54824?
4
What is the hundreds digit of 490?
4
What is the units digit of 3777?
7
What is the tens digit of 8179?
7
What is the hundreds digit of 30731?
7
What is the tens digit of 454?
5
What is the units digit of 4895?
5
What is the tens digit of 3085?
8
What is the tens digit of 1578?
7
What is the thousands digit of 21114?
1
What is the hundreds digit of 1143?
1
What is the units digit of 21746?
6
What is the units digit of 22836?
6
What is the tens digit of 2202?
0
What is the units digit of 2753?
3
What is the hundreds digit of 1489?
4
What is the units digit of 24504?
4
What is the tens digit of 5418?
1
What is the units digit of 1001?
1
What is the tens digit of 4899?
9
What is the thousands digit of 2346?
2
What is the hundreds digit of 2271?
2
What is the units digit of 4588?
8
What is the units digit of 160?
0
What is the thousands digit of 2544?
2
What is the hundreds digit of 165057?
0
What is the units digit of 109?
9
What is the tens digit of 12107?
0
What is the thousands digit of 6053?
6
What is the units digit of 34790?
0
What is the hundred thousands digit of 129181?
1
What is the thousands digit of 2289?
2
What is the hundreds digit of 75034?
0
What is the thousands digit of 55640?
5
What is the thousands digit of 4995?
4
What is the thousands digit of 2940?
2
What is the hundreds digit of 168?
1
What is the hundreds digit of 29231?
2
What is the hundreds digit of 347?
3
What is the units digit of 17313?
3
What is the hundreds digit of 1057?
0
What is the hundreds digit of 8924?
9
What is the units digit of 33?
3
What is the tens digit of 10050?
5
What is the units digit of 1221?
1
What is the ten thousands digit of 148199?
4
What is the units digit of 67593?
3
What is the units digit of 2611?
1
What is the thousands digit of 1440?
1
What is the units digit of 76445?
5
What is the tens digit of 22913?
1
What is the ten thousands digit of 163152?
6
What is the thousands digit of 21362?
1
What is the ten thousands digit of 10584?
1
What is the ten thousands digit of 11585?
1
What is the ten thousands digit of 11786?
1
What is the ten thousands digit of 39479?
3
What is the tens digit of 10186?
8
What is the units digit of 130?
0
What is the hundreds digit of 3781?
7
What is the tens digit of 13137?
3
What is the ten thousands digit of 14343?
1
What is the hundreds digit of 3726?
7
What is the tens digit of 1413?
1
What is the units digit of 4528?
8
What is the hundreds digit of 1747?
7
What is the tens digit of 3013?
1
What is the units digit of 3049?
9
What is the units digit of 40?
0
What is the tens digit of 93531?
3
What is the ten thousands digit of 11272?
1
What is the units digit of 207?
7
What is the hundreds digit of 301?
3
What is the hundreds digit of 843?
8
What is the tens digit of 1151?
5
What is the hundreds digit of 5389?
3
What is the units digit of 2041?
1
What is the thousands digit of 8087?
8
What is the hundreds digit of 73172?
1
What is the units digit of 908?
8
What is the units digit of 9793?
3
What is the hundreds digit of 470?
4
What is the tens digit of 4831?
3
What is the tens digit of 12515?
1
What is the tens digit of 374?
7
What is the thousands digit of 2580?
2
What is the thousands digit of 3532?
3
What is the thousands digit of 58178?
8
What is the thousands digit of 1132?
1
What is the ten thousands digit of 70530?
7
What is the ten thousands digit of 97155?
9
What is the hundreds digit of 11622?
6
What is the hundreds digit of 3588?
5
What is the units digit of 2791?
1
What is the hundreds digit of 79140?
1
What is the thousands digit of 4692?
4
What is the hundreds digit of 8950?
9
What is the tens digit of 3349?
4
What is the hundreds digit of 51276?
2
What is the tens digit of 56345?
4
What is the units digit of 10383?
3
What is the units digit of 346?
6
What is the hundreds digit of 434?
4
What is the tens digit of 879?
7
What is the thousands digit of 1769?
1
What is the units digit of 729?
9
What is the units digit of 3766?
6
What is the units digit of 10381?
1
What is the ten thousands digit of 61829?
6
What is the tens digit of 7344?
4
What is the units digit of 19492?
2
What is the thousands digit of 2052?
2
What is the hu